ose z - 3*z = 10. Let y(f) = -56*f + 6. Let l be y(z). Calculate the greatest common divisor of r and l.
22
Suppose -2*g + g = 3*n - 425, 4*n = -g + 565. Let d be 6/2*n/21. Let x be (3 - (-9 + 14))/(1/(-70)). What is the highest common factor of x and d?
20
Suppose -302 = -y + 5*z + 23, 554 = 2*y + 2*z. Calculate the highest common factor of 6365 and y.
95
Suppose -6*c + 2*c - 32 = -4*w, 0 = 4*w + 8. Let g(u) = u**2 + 10*u + 62. Let j be g(c). Calculate the highest common factor of j and 1.
1
Suppose 2*s = -f - 1, 4*s - 1 = -7*f + 2*f. Let q(w) = 26*w**2 - 2*w - 4. Let r be q(s). Calculate the highest common divisor of 64 and r.
8
Suppose -3*k + 6*k - 12 = 0. Suppose k*a = -7*a + 363. Let p = a + 7. Calculate the highest common factor of 5 and p.
5
Let c(p) = p**3 + p**2 - 2*p + 4. Let x be c(5). What is the greatest common factor of 336 and x?
48
Let n be (-6)/(7/(-16422)*20) + 3/15. Calculate the highest common divisor of n and 110.
22
Let r(c) = c**2 + 4*c - 12. Let f be r(3). Suppose -f*x + 5*x + 320 = 0. What is the greatest common factor of x and 10?
10
Let g = -94 + 133. Let m(y) = -y**2 + 6*y. Let k be m(5). Suppose 0 = 2*q - 4*n - 36, -2*n + g = 2*q - k*n. Calculate the greatest common factor of 12 and q.
12
Let s(l) = 17*l**3 - 15*l**2 - 9*l + 4. Let w be s(4). Calculate the highest common divisor of 56 and w.
8
Suppose 78*i = 85*i - 252. Suppose 0 = -s + 3 + 1. What is the greatest common factor of s and i?
4
Suppose 923 = 5*c + j, -c = -j - 274 + 93. Suppose 0 = 3*n - 7 - 17. Calculate the highest common divisor of n and c.
8
Let o = -18901 + 20213. What is the highest common divisor of 492 and o?
164
Let k = 4651 + -4000. What is the greatest common factor of 63 and k?
21
Let k be 3349/(-197) - (-3 + -19). Calculate the greatest common divisor of 327 and k.
1
Suppose i = 9*i - 1875 + 1539. Calculate the greatest common factor of 243 and i.
3
Suppose 5*v - 10 = -0*v, -3*m - v + 20 = 0. Let f(u) = 3*u**2 - 17*u + 18. Let c be f(m). What is the highest common divisor of c and 408?
24
Let r be (-3)/(-15) + 4/5. Let h be 0 - r - (-4 + -6 + 6). Let f be (-3)/(4 - h - 2). Calculate the greatest common factor of f and 24.
3
Let k be (702/36)/(30/40). Suppose -6*h - 24 = -180. What is the highest common divisor of h and k?
26
Suppose 508*o - 24 = 500*o. Suppose -15 = o*h - 21. What is the highest common divisor of 2 and h?
2
Let z be (0 + -2 + 6 + -11)*(-408)/14. Let p = 0 - -12. Calculate the highest common factor of z and p.
12
Let t be (19 + -21)*10/(-4). Suppose t*y + 2*j - 445 = 0, -15 = -6*j + 9*j. What is the greatest common factor of y and 117?
13
Let t be 2504/6 - 1/3. Suppose -y + t = -2*q, 0 = 2*y - 0*y + q - 809. Calculate the highest common divisor of 11 and y.
11
Let o(q) = -88*q + 4168. Let v be o(46). What is the greatest common divisor of v and 1960?
40
Let y = -18 + 28. Let g(c) be the third derivative of c**5/60 - c**4/24 - 5*c**3/6 - 3*c**2. Let s be g(5). Calculate the greatest common divisor of y and s.
5
Let y(x) = 248*x - 1. Let j be y(1). Let m = -240 + j. What is the highest common factor of m and 77?
7
Let r(u) be the first derivative of -4*u**3/3 + 33*u**2/2 - 10*u + 23. Let o be r(6). Calculate the highest common factor of o and 44.
44
Let a = -58 - -96. Let w = 42 - a. Suppose 3*k - w = k. What is the highest common factor of 6 and k?
2
Suppose -3*l + 2*m = -600, 61*l - 56*l - 1002 = 4*m. What is the highest common divisor of 825 and l?
33
Suppose -8*g - 2688 + 11616 = 0. Suppose -9*k - 652 = -976. What is the highest common divisor of k and g?
36
Suppose 0*w - 3*w + 50 = y, -5 = w - 4*y. Let b(i) = 11*i - i**2 + 0*i**2 + 9 + 3*i**2 + 6. Let t be b(-10). Calculate the highest common divisor of t and w.
15
Let q(i) = i**3 - 13*i**2 - 14*i - 12. Let r be q(15). Suppose 2*u + 4*j = 346, 5*u + 5*j - 1020 + 160 = 0. Calculate the highest common divisor of u and r.
57
Let u be 5 + -4 + (2 - 1). Suppose 4*m + 253 + 253 = u*l, -m = -3*l + 764. Calculate the greatest common factor of 102 and l.
51
Let f be 1/9 + 483/27. Suppose -10*t + 832 = -f*t. Let n = t - -180. What is the highest common divisor of 4 and n?
4
Let g(w) = w**2 + 11*w + 21. Let y be g(-9). Suppose -2*t - 2*r = -30, 5*r + y = 8. Let z be 49*3/(-4 - -7). What is the greatest common divisor of z and t?
7
Let g be (-29116)/(-14) - (-22)/77. Let c = g + -1313. Calculate the greatest common factor of 59 and c.
59
Suppose -6*z + 131483 = 19*z - 692. What is the greatest common divisor of z and 34?
17
Suppose -4*j = m - 119, -5*j + 3*m + 240 = 87. Calculate the highest common divisor of j and 2550.
30
Suppose 115*w + 264781 - 1700671 = 0. Calculate the greatest common divisor of 6 and w.
6
Let q = -5816 - -5834. Let s = 359 - 125. What is the highest common divisor of s and q?
18
Let l be ((-19129)/33)/(-37) + 5/(-3). Let b be (1 - -1)*(-14)/(-4). What is the greatest common divisor of b and l?
7
Suppose 0 = 4*m + 132*r - 131*r - 17220, -2*m - r + 8614 = 0. What is the greatest common divisor of 2317 and m?
331
Let w(u) = 9*u + 9. Let l = 12 - 12. Let c be w(l). Let s = 12 - 6. What is the greatest common factor of c and s?
3
Let g(v) = -26*v + 210. Let p be g(9). Let r(b) = -28*b - 344. Let l be r(p). Calculate the greatest common divisor of l and 8.
8
Suppose -2*g + 4*m = -204, -97 = -g - 262*m + 263*m. Calculate the highest common divisor of 7981 and g.
23
Suppose 2*k = 6*k - 3*r + 910, -r = -2*k - 454. Let p be (18/(-12))/(((-27)/(-172))/9). Let j = p - k. Calculate the greatest common factor of 56 and j.
28
Let x be 56/12*1 - (-2)/(-3). Let o(v) = 34*v - 17. Let t be o(x). Let c = -75 + t. What is the greatest common divisor of 66 and c?
22
Let y = 50 - 47. Let v(b) = 24 + 2*b - 6 - 3 - y*b. Let m be v(-9). What is the highest common factor of m and 36?
12
Suppose 4*d - d - 324 = 0. Suppose 34*y - 10800 = -14*y - 27*y. What is the highest common divisor of y and d?
36
Let j be (-2)/(-6) - (-2 + (-476)/(-51)). Let t be (-64)/j - 228/(-266). Let y = -3 + 7. What is the highest common factor of t and y?
2
Let b(w) = w**3 + 6*w**2 - w - 26. Let z be b(-5). Suppose z*j + x - 77 = 0, 2*x - 14 = -2*j + 26. Calculate the highest common divisor of 190 and j.
19
Suppose 4*v + 0 = 3*i + 9, 9 = -3*i + 3*v. Let x = 21 + i. Let z = x + 27. What is the greatest common divisor of z and 15?
15
Suppose 4*n - 2*n = 84. Let u(i) be the first derivative of i**2 + 8*i + 31. Let x be u(3). What is the highest common divisor of x and n?
14
Let b = -832 - -3637. What is the highest common factor of b and 1815?
165
Suppose 2*m + 49 - 29 = 0. Let w(t) = -3*t + 47. Let f be w(m). Calculate the highest common factor of f and 21.
7
Let p(d) be the third derivative of d**5/20 + 23*d**4/12 + 25*d**3/6 + d**2 - 16*d. Let f be p(-15). What is the highest common factor of 20 and f?
10
Suppose -48179 = -57*t + 15148. Calculate the highest common divisor of t and 11.
11
Let k be (3/4 + -1)*-12. Suppose s + 26 = 4*t + k, -9 = 3*s. Suppose -4*l = t*j - 118, 6*l - 2*l = j + 106. Calculate the highest common divisor of l and 270.
27
Let j = 234 + 173. Suppose 8*n - 3*n = u + 58, 3*n - 4*u = 45. What is the greatest common factor of j and n?
11
Let t = 109 - 106. Suppose 0 = g + 4*b - 0 + 3, g + 2*b - 1 = 0. Suppose -t*d + 3*a - 8 = -g*d, a = 5*d - 54. Calculate the highest common divisor of d and 20.
10
Suppose -174*p + 80185 + 16559 = 0. What is the greatest common factor of 16 and p?
4
Let i(y) = -93*y - 250. Let b be i(-5). What is the greatest common divisor of b and 86?
43
Let p(z) = -3*z**2 - 3*z + 2. Let a be p(-5). Let r = a + 113. Calculate the greatest common divisor of r and 11.
11
Suppose 14 = t + 6. Suppose -4*r - 7*y = -3*y + t, 5*y + 12 = -4*r. Suppose -2585 = -3*f - r*f. Calculate the greatest common divisor of 47 and f.
47
Let z = 138 - 105. Suppose 9948 - 1368 = z*h. Calculate the highest common divisor of h and 40.
20
Suppose -6*m = -2*m - c - 66, 0 = c + 2. Calculate the greatest common factor of m and 2176.
16
Let l(g) = -g**3 - 2*g**2 + 5*g + 8. Let k be l(-8). Let f = 3932 - 3924. Calculate the greatest common factor of f and k.
8
Suppose 6 = -t + 4*t. Let w be (98/(-3))/(-39 + 3016/78). What is the greatest common divisor of w and t?
2
Suppose 2*o + 3*o = 160. Let u